{"id":1604,"date":"2024-03-20T02:38:55","date_gmt":"2024-03-20T02:38:55","guid":{"rendered":"https:\/\/curtisdejalisco.com\/?post_type=product&#038;p=1604"},"modified":"2025-12-22T22:55:02","modified_gmt":"2025-12-22T22:55:02","slug":"aceite-rotorcomp-8000h","status":"publish","type":"product","link":"https:\/\/curtisdejalisco.com\/index.php\/product\/aceite-rotorcomp-8000h\/","title":{"rendered":"Aceite RotorComp 8000H 19LTS"},"content":{"rendered":"<p>Nuestra mezcla ofrece una combinaci\u00f3n \u00fanica de propiedades que la hacen<br \/>\nexcepcionalmente vers\u00e1til y efectiva.<br \/>\nSu formulaci\u00f3n especial proporciona una excelente resistencia a la oxidaci\u00f3n y a la<br \/>\ncorrosi\u00f3n, lo que garantiza una mayor durabilidad y fiabilidad para tu Compresor.<\/p>\n<p>Ya sea en aplicaciones de lubricaci\u00f3n, refrigeraci\u00f3n, nuestra identificaci\u00f3n de<br \/>\nproducto es la elecci\u00f3n ideal para satisfacer sus necesidades m\u00e1s exigentes. Conf\u00ede<br \/>\nen nuestra mezcla inhibida de polioxialquilenglicol\/\u00e9ster de pentaeritritol al 100%<br \/>\npara ofrecer un rendimiento excepcional y una protecci\u00f3n sin igual en sus<br \/>\noperaciones.<\/p>\n<p>ACSIN68-19<br \/>\nCubeta 19 Lts<\/p>\n","protected":false},"excerpt":{"rendered":"<p>Aceite sintetico RotorComp Grado 68<\/p>\n","protected":false},"featured_media":1636,"comment_status":"open","ping_status":"closed","template":"","meta":[],"product_brand":[],"product_cat":[40],"product_tag":[],"class_list":{"0":"post-1604","1":"product","2":"type-product","3":"status-publish","4":"has-post-thumbnail","6":"product_cat-aceite-para-compresor","8":"first","9":"instock","10":"taxable","11":"shipping-taxable","12":"purchasable","13":"product-type-simple"},"_links":{"self":[{"href":"https:\/\/curtisdejalisco.com\/index.php\/wp-json\/wp\/v2\/product\/1604","targetHints":{"allow":["GET"]}}],"collection":[{"href":"https:\/\/curtisdejalisco.com\/index.php\/wp-json\/wp\/v2\/product"}],"about":[{"href":"https:\/\/curtisdejalisco.com\/index.php\/wp-json\/wp\/v2\/types\/product"}],"replies":[{"embeddable":true,"href":"https:\/\/curtisdejalisco.com\/index.php\/wp-json\/wp\/v2\/comments?post=1604"}],"version-history":[{"count":3,"href":"https:\/\/curtisdejalisco.com\/index.php\/wp-json\/wp\/v2\/product\/1604\/revisions"}],"predecessor-version":[{"id":1683,"href":"https:\/\/curtisdejalisco.com\/index.php\/wp-json\/wp\/v2\/product\/1604\/revisions\/1683"}],"wp:featuredmedia":[{"embeddable":true,"href":"https:\/\/curtisdejalisco.com\/index.php\/wp-json\/wp\/v2\/media\/1636"}],"wp:attachment":[{"href":"https:\/\/curtisdejalisco.com\/index.php\/wp-json\/wp\/v2\/media?parent=1604"}],"wp:term":[{"taxonomy":"product_brand","embeddable":true,"href":"https:\/\/curtisdejalisco.com\/index.php\/wp-json\/wp\/v2\/product_brand?post=1604"},{"taxonomy":"product_cat","embeddable":true,"href":"https:\/\/curtisdejalisco.com\/index.php\/wp-json\/wp\/v2\/product_cat?post=1604"},{"taxonomy":"product_tag","embeddable":true,"href":"https:\/\/curtisdejalisco.com\/index.php\/wp-json\/wp\/v2\/product_tag?post=1604"}],"curies":[{"name":"wp","href":"https:\/\/api.w.org\/{rel}","templated":true}]}}